{"id":106,"date":"2013-10-12T19:27:37","date_gmt":"2013-10-12T19:27:37","guid":{"rendered":"http:\/\/nvms.ophetweb.nu\/?page_id=106"},"modified":"2019-10-06T15:07:00","modified_gmt":"2019-10-06T13:07:00","slug":"huishoudelijk-regelement","status":"publish","type":"page","link":"https:\/\/www.nvms.nl\/index.php\/huishoudelijk-regelement\/","title":{"rendered":"Internal rules"},"content":{"rendered":"<p><!--:nl--><\/p>\n<address style=\"text-align: left;\"><b><i>LIDMAATSCHAP<\/i><\/b><\/address>\n<address style=\"text-align: left;\">Artikel 1<br \/>\nAanvragen om als lid of begunstiger te worden toegelaten worden gericht aan het bestuur van de vereniging, bij voorkeur via het op de website van de vereniging vermelde aanmeldingsformulier.<\/address>\n<address style=\"text-align: left;\">Over het besluit tot toelating of tot afwijzing ontvangt de aanvrager schriftelijk bericht.<\/address>\n<address style=\"text-align: left;\">Ieder lid wordt door het bestuur gewezen op en toegang verleend tot de tekst van de statuten en het huishoudelijk reglement.<\/address>\n<address style=\"text-align: left;\">Artikel 2<br \/>\nOm lid te kunnen worden, zijn minimale persoonsgegevens vereist: Voor- en achternaam, woon- of werkadres en een e-mailadres.<\/address>\n<address style=\"text-align: left;\">Artikel 3<br \/>\nElk lid is verantwoordelijk voor het actualiseren van persoonsgegevens, waaronder een geldig e-mailadres waarop het lid benaderd kan worden. Leden met een ongeldig e-mailadres wordt gedurende \u00e9\u00e9n jaar de mogelijkheid geboden om alsnog de contactgegevens te wijzigen. Bij het niet nakomen hiervan zal het lidmaatschap door het bestuur worden opgezegd.<\/address>\n<address style=\"text-align: left;\">Artikel 4<br \/>\nOpzegging van het lidmaatschap of begunstigerschap moet schriftelijk geschieden aan het bestuur, bijvoorbeeld via e-mail of via het op de website van de vereniging vermelde contactformulier, dat hiervan een bevestiging doet toekomen.<\/address>\n<address style=\"text-align: left;\"><b><i>CONTRIBUTIE<\/i><\/b><\/address>\n<address style=\"text-align: left;\">Artikel 5<br \/>\nDe contributie dient te worden voldaan voor 1 augustus van het lopende verenigingsjaar. Diegenen die lid worden na 1 augustus betalen de helft van de contributie voor het betreffende jaar.<\/address>\n<address style=\"text-align: left;\">Studentleden betalen de helft van de reguliere contributie.<\/address>\n<address style=\"text-align: left;\">Het bestuur kan in bijzondere gevallen leden geheel of gedeeltelijk van contributiebetaling vrijstellen.<\/address>\n<address style=\"text-align: left;\">Bij het niet tijdig voldoen van de contributie kan de vereniging de contributie, verhoogd met incasso kosten, vorderen.<\/address>\n<address style=\"text-align: left;\">De leden die na afloop van het verenigingsjaar hun contributie nog niet hebben betaald, kunnen door het bestuur uit het lidmaatschap worden gezet.<\/address>\n<address style=\"text-align: left;\"><b><i>BESTUUR<\/i><\/b><\/address>\n<address style=\"text-align: left;\">Artikel 6<br \/>\nHet bestuur streeft bij het aan\/voorstellen van kandidaten voor het bestuur naar een afspiegeling die recht doet aan de diversiteit in de vereniging.<\/address>\n<address style=\"text-align: left;\">Leden van het bestuur hebben voor drie jaar zitting. Aftredende bestuursleden zijn terstond eenmaal herkiesbaar. In uitzonderlijke gevallen, bijvoorbeeld als er geen geschikte kandidaat wordt gevonden of als de continu\u00efteit van het bestuur in het geding is, kan de tweede zittingstermijn met een maximum van \u00e9\u00e9n jaar worden verlengd. Een voorstel hiertoe wordt in stemming gebracht tijdens de eerstvolgende algemene ledenvergadering, waarbij een meerderheid van stemmen vereist is.<\/address>\n<address style=\"text-align: left;\">De functies van voorzitter, secretaris en penningmeester worden onderling verdeeld. Samen vormen zij het dagelijks bestuur.<\/address>\n<address style=\"text-align: left;\">Artikel 7<br \/>\nBij het aftreden van bestuursleden dragen dezen de bij hun functie behorende bescheiden binnen 30 dagen over aan hun opvolgers.<\/address>\n<address style=\"text-align: left;\"><b><i>VOORZITTER<\/i><\/b><\/address>\n<address style=\"text-align: left;\">Artikel 8<br \/>\nDe voorzitter heeft de verantwoordelijkheid voor de goede gang van zaken op de vergaderingen van het bestuur, de algemene ledenvergadering en overigens alle vergaderingen die van invloed zijn op het beleid van de vereniging. Hij\/zij is daarom gerechtigd alle maatregelen te treffen die ten dienste van de goede orde op die vergaderingen staan. De voorzitter is in het algemeen tegenover de algemene ledenvergadering verantwoordelijk voor de goede gang van zaken in de vereniging. Het bestuur kan een plaatsvervangend voorzitter benoemen die bij afwezigheid van de voorzitter diens verantwoordelijkheid overneemt.<\/address>\n<address style=\"text-align: left;\"><b><i>SECRETARIS<\/i><\/b><\/address>\n<address style=\"text-align: left;\">Artikel 9<br \/>\nDe secretaris is verantwoordelijk voor de verzorging van de correspondentie, de notulen van de algemene leden- en de bestuursvergaderingen en het verenigingsarchief.<\/address>\n<address style=\"text-align: left;\">De secretaris verzorgt het jaarverslag dat na goedkeuring binnen het (dagelijks) bestuur wordt voorgelegd aan de leden tijdens de algemene ledenvergadering ter bekrachtiging\/goedkeuring.<\/address>\n<address style=\"text-align: left;\">Artikel 10<br \/>\nDe secretaris houdt een bestand bij waarin de persoonsgegevens van alle leden zijn opgenomen.<\/address>\n<address style=\"text-align: left;\"><b><i><\/i><\/b><b><i>PENNINGMEESTER<\/i><\/b><\/address>\n<address style=\"text-align: left;\">Artikel 11<br \/>\nDe penningmeester is verantwoordelijk voor het beheer van de geldmiddelen en voor de boekhouding. Hij\/zij doet uitgaven, waartoe het bestuur hem\/haar machtigt. Hij\/zij beheert de bezittingen van de vereniging op de economisch meest voordelige wijze in overleg met het bestuur.<\/address>\n<address style=\"text-align: left;\">De penningmeester verzorgt de financi\u00eble verslaglegging over voorgaand boekjaar alsmede de begroting voor het actieve jaar, welke na goedkeuring binnen het (dagelijks) bestuur worden voorgelegd aan de leden tijdens de algemene ledenvergadering ter bekrachtiging\/goedkeuring<\/address>\n<address style=\"text-align: left;\"><b><i>\u00a0<\/i><\/b><b><i>ALGEMENE LEDENVERGADERING<\/i><\/b><\/address>\n<address style=\"text-align: left;\">Artikel 12<br \/>\nDe voorzitter van het bestuur schrijft de algemene ledenvergadering uit en bekleedt daar de functie van voorzitter. Bij zijn\/haar afwezigheid wordt hij\/zij vervangen door een bestuurslid.<\/address>\n<address style=\"text-align: left;\">In geval alle bestuursleden afwezig zijn kiezen de aanwezige leden een voorzitter uit hun midden.<\/address>\n<address style=\"text-align: left;\">Artikel 13<br \/>\nVoor de controle van de financi\u00eble administratie benoemt de algemene ledenvergadering jaarlijks een kascommissie van twee leden. Deze kascommissie kan maximaal 2 jaar in dienst zijn. De kascommissie rapporteert aan de algemene ledenvergadering.<\/address>\n<address style=\"text-align: left;\">Artikel 14<br \/>\nHet bestuur dient jaarlijks op een algemene ledenvergadering een begroting van inkomsten en uitgaven voor het volgend jaar in. De begroting behoeft goedkeuring van de vergadering.<\/address>\n<address style=\"text-align: left;\">Artikel 15<br \/>\nIndien ten minste 10 leden aan de secretaris het verzoek richten een punt op de agenda van een algemene ledenvergadering te plaatsen, dan wordt hieraan voldaan.<\/address>\n<address style=\"text-align: left;\">Artikel 16<br \/>\nBij mondelinge stemming op een algemene ledenvergadering wordt de mening van de leden kenbaar gemaakt door acclamatie of door handopsteken.<\/address>\n<address style=\"text-align: left;\">Artikel 17<br \/>\nBij verkiezing van personen heeft, indien bij de eerste twee vrije stemmingen de vereiste meerderheid niet wordt bereikt, een herstemming plaats tussen de twee kandidaten, die bij de tweede stemming de meeste stemmen op zich verenigd hebben.<\/address>\n<address style=\"text-align: left;\">Blanco stemmen worden als ongeldig beschouwd.<\/address>\n<address style=\"text-align: left;\">Artikel 18<br \/>\nIeder lid wordt geacht bekend te zijn met de bepalingen van de statuten en het huishoudelijk reglement.<\/address>\n<address style=\"text-align: left;\">Artikel 19<br \/>\nIn al die gevallen, waarin de reglementen niet voorzien, beslist het bestuur. In deze is het bestuur altijd verantwoording verschuldigd aan de algemene ledenvergadering.<\/address>\n<address style=\"text-align: left;\">Artikel 20<br \/>\nHet bestuur kan voorstellen tot het aanbrengen van wijzigingen in het huishoudelijk reglement aan de algemene ledenvergadering voorleggen. Deze voorstellen moeten op de agenda vermeld worden. Op gemotiveerd verzoek van ten minste 10 leden kunnen wijzigingen van dit reglement worden voorgelegd aan het bestuur, dat deze voorstellen dan op de eerstkomende algemene ledenvergadering in behandeling neemt.<\/address>\n<p><!--:--><\/p>\n","protected":false},"excerpt":{"rendered":"<p>LIDMAATSCHAP Artikel 1 Aanvragen om als lid of begunstiger te worden toegelaten worden gericht aan het bestuur van de vereniging, bij voorkeur via het op<\/p>\n","protected":false},"author":4,"featured_media":0,"parent":0,"menu_order":0,"comment_status":"closed","ping_status":"closed","template":"","meta":{"footnotes":""},"class_list":["post-106","page","type-page","status-publish","hentry","comments-off"],"yoast_head":"<!-- This site is optimized with the Yoast SEO plugin v27.5 - https:\/\/yoast.com\/product\/yoast-seo-wordpress\/ -->\n<title>Internal rules - NVMS<\/title>\n<meta name=\"robots\" content=\"index, follow, max-snippet:-1, max-image-preview:large, max-video-preview:-1\" \/>\n<link rel=\"canonical\" href=\"https:\/\/www.nvms.nl\/index.php\/huishoudelijk-regelement\/\" \/>\n<meta property=\"og:locale\" content=\"en_US\" \/>\n<meta property=\"og:type\" content=\"article\" \/>\n<meta property=\"og:title\" content=\"Internal rules - NVMS\" \/>\n<meta property=\"og:description\" content=\"LIDMAATSCHAP Artikel 1 Aanvragen om als lid of begunstiger te worden toegelaten worden gericht aan het bestuur van de vereniging, bij voorkeur via het op\" \/>\n<meta property=\"og:url\" content=\"https:\/\/www.nvms.nl\/index.php\/huishoudelijk-regelement\/\" \/>\n<meta property=\"og:site_name\" content=\"NVMS\" \/>\n<meta property=\"article:modified_time\" content=\"2019-10-06T13:07:00+00:00\" \/>\n<meta name=\"twitter:card\" content=\"summary_large_image\" \/>\n<meta name=\"twitter:label1\" content=\"Est. reading time\" \/>\n\t<meta name=\"twitter:data1\" content=\"5 minutes\" \/>\n<script type=\"application\/ld+json\" class=\"yoast-schema-graph\">{\"@context\":\"https:\\\/\\\/schema.org\",\"@graph\":[{\"@type\":\"WebPage\",\"@id\":\"https:\\\/\\\/www.nvms.nl\\\/index.php\\\/huishoudelijk-regelement\\\/\",\"url\":\"https:\\\/\\\/www.nvms.nl\\\/index.php\\\/huishoudelijk-regelement\\\/\",\"name\":\"Internal rules - NVMS\",\"isPartOf\":{\"@id\":\"https:\\\/\\\/www.nvms.nl\\\/#website\"},\"datePublished\":\"2013-10-12T19:27:37+00:00\",\"dateModified\":\"2019-10-06T13:07:00+00:00\",\"breadcrumb\":{\"@id\":\"https:\\\/\\\/www.nvms.nl\\\/index.php\\\/huishoudelijk-regelement\\\/#breadcrumb\"},\"inLanguage\":\"en-US\",\"potentialAction\":[{\"@type\":\"ReadAction\",\"target\":[\"https:\\\/\\\/www.nvms.nl\\\/index.php\\\/huishoudelijk-regelement\\\/\"]}]},{\"@type\":\"BreadcrumbList\",\"@id\":\"https:\\\/\\\/www.nvms.nl\\\/index.php\\\/huishoudelijk-regelement\\\/#breadcrumb\",\"itemListElement\":[{\"@type\":\"ListItem\",\"position\":1,\"name\":\"Home\",\"item\":\"https:\\\/\\\/www.nvms.nl\\\/\"},{\"@type\":\"ListItem\",\"position\":2,\"name\":\"Internal rules\"}]},{\"@type\":\"WebSite\",\"@id\":\"https:\\\/\\\/www.nvms.nl\\\/#website\",\"url\":\"https:\\\/\\\/www.nvms.nl\\\/\",\"name\":\"NVMS\",\"description\":\"Nederlandse Vereniging voor Massaspectrometrie\",\"publisher\":{\"@id\":\"https:\\\/\\\/www.nvms.nl\\\/#organization\"},\"potentialAction\":[{\"@type\":\"SearchAction\",\"target\":{\"@type\":\"EntryPoint\",\"urlTemplate\":\"https:\\\/\\\/www.nvms.nl\\\/?s={search_term_string}\"},\"query-input\":{\"@type\":\"PropertyValueSpecification\",\"valueRequired\":true,\"valueName\":\"search_term_string\"}}],\"inLanguage\":\"en-US\"},{\"@type\":\"Organization\",\"@id\":\"https:\\\/\\\/www.nvms.nl\\\/#organization\",\"name\":\"NVMS\",\"url\":\"https:\\\/\\\/www.nvms.nl\\\/\",\"logo\":{\"@type\":\"ImageObject\",\"inLanguage\":\"en-US\",\"@id\":\"https:\\\/\\\/www.nvms.nl\\\/#\\\/schema\\\/logo\\\/image\\\/\",\"url\":\"https:\\\/\\\/i0.wp.com\\\/www.nvms.nl\\\/wp-content\\\/uploads\\\/2024\\\/05\\\/Website-logo-1000px.webp?fit=1000%2C153&ssl=1\",\"contentUrl\":\"https:\\\/\\\/i0.wp.com\\\/www.nvms.nl\\\/wp-content\\\/uploads\\\/2024\\\/05\\\/Website-logo-1000px.webp?fit=1000%2C153&ssl=1\",\"width\":1000,\"height\":153,\"caption\":\"NVMS\"},\"image\":{\"@id\":\"https:\\\/\\\/www.nvms.nl\\\/#\\\/schema\\\/logo\\\/image\\\/\"}}]}<\/script>\n<!-- \/ Yoast SEO plugin. -->","yoast_head_json":{"title":"Internal rules - NVMS","robots":{"index":"index","follow":"follow","max-snippet":"max-snippet:-1","max-image-preview":"max-image-preview:large","max-video-preview":"max-video-preview:-1"},"canonical":"https:\/\/www.nvms.nl\/index.php\/huishoudelijk-regelement\/","og_locale":"en_US","og_type":"article","og_title":"Internal rules - NVMS","og_description":"LIDMAATSCHAP Artikel 1 Aanvragen om als lid of begunstiger te worden toegelaten worden gericht aan het bestuur van de vereniging, bij voorkeur via het op","og_url":"https:\/\/www.nvms.nl\/index.php\/huishoudelijk-regelement\/","og_site_name":"NVMS","article_modified_time":"2019-10-06T13:07:00+00:00","twitter_card":"summary_large_image","twitter_misc":{"Est. reading time":"5 minutes"},"schema":{"@context":"https:\/\/schema.org","@graph":[{"@type":"WebPage","@id":"https:\/\/www.nvms.nl\/index.php\/huishoudelijk-regelement\/","url":"https:\/\/www.nvms.nl\/index.php\/huishoudelijk-regelement\/","name":"Internal rules - NVMS","isPartOf":{"@id":"https:\/\/www.nvms.nl\/#website"},"datePublished":"2013-10-12T19:27:37+00:00","dateModified":"2019-10-06T13:07:00+00:00","breadcrumb":{"@id":"https:\/\/www.nvms.nl\/index.php\/huishoudelijk-regelement\/#breadcrumb"},"inLanguage":"en-US","potentialAction":[{"@type":"ReadAction","target":["https:\/\/www.nvms.nl\/index.php\/huishoudelijk-regelement\/"]}]},{"@type":"BreadcrumbList","@id":"https:\/\/www.nvms.nl\/index.php\/huishoudelijk-regelement\/#breadcrumb","itemListElement":[{"@type":"ListItem","position":1,"name":"Home","item":"https:\/\/www.nvms.nl\/"},{"@type":"ListItem","position":2,"name":"Internal rules"}]},{"@type":"WebSite","@id":"https:\/\/www.nvms.nl\/#website","url":"https:\/\/www.nvms.nl\/","name":"NVMS","description":"Nederlandse Vereniging voor Massaspectrometrie","publisher":{"@id":"https:\/\/www.nvms.nl\/#organization"},"potentialAction":[{"@type":"SearchAction","target":{"@type":"EntryPoint","urlTemplate":"https:\/\/www.nvms.nl\/?s={search_term_string}"},"query-input":{"@type":"PropertyValueSpecification","valueRequired":true,"valueName":"search_term_string"}}],"inLanguage":"en-US"},{"@type":"Organization","@id":"https:\/\/www.nvms.nl\/#organization","name":"NVMS","url":"https:\/\/www.nvms.nl\/","logo":{"@type":"ImageObject","inLanguage":"en-US","@id":"https:\/\/www.nvms.nl\/#\/schema\/logo\/image\/","url":"https:\/\/i0.wp.com\/www.nvms.nl\/wp-content\/uploads\/2024\/05\/Website-logo-1000px.webp?fit=1000%2C153&ssl=1","contentUrl":"https:\/\/i0.wp.com\/www.nvms.nl\/wp-content\/uploads\/2024\/05\/Website-logo-1000px.webp?fit=1000%2C153&ssl=1","width":1000,"height":153,"caption":"NVMS"},"image":{"@id":"https:\/\/www.nvms.nl\/#\/schema\/logo\/image\/"}}]}},"jetpack_sharing_enabled":true,"_links":{"self":[{"href":"https:\/\/www.nvms.nl\/index.php\/wp-json\/wp\/v2\/pages\/106","targetHints":{"allow":["GET"]}}],"collection":[{"href":"https:\/\/www.nvms.nl\/index.php\/wp-json\/wp\/v2\/pages"}],"about":[{"href":"https:\/\/www.nvms.nl\/index.php\/wp-json\/wp\/v2\/types\/page"}],"author":[{"embeddable":true,"href":"https:\/\/www.nvms.nl\/index.php\/wp-json\/wp\/v2\/users\/4"}],"replies":[{"embeddable":true,"href":"https:\/\/www.nvms.nl\/index.php\/wp-json\/wp\/v2\/comments?post=106"}],"version-history":[{"count":8,"href":"https:\/\/www.nvms.nl\/index.php\/wp-json\/wp\/v2\/pages\/106\/revisions"}],"predecessor-version":[{"id":2024,"href":"https:\/\/www.nvms.nl\/index.php\/wp-json\/wp\/v2\/pages\/106\/revisions\/2024"}],"wp:attachment":[{"href":"https:\/\/www.nvms.nl\/index.php\/wp-json\/wp\/v2\/media?parent=106"}],"curies":[{"name":"wp","href":"https:\/\/api.w.org\/{rel}","templated":true}]}}